{"id":7503,"date":"2023-03-23T08:45:44","date_gmt":"2023-03-23T07:45:44","guid":{"rendered":"https:\/\/www.calatayudwine.com\/bodegas\/bodegas-virgen-de-la-sierra\/"},"modified":"2023-09-18T09:37:31","modified_gmt":"2023-09-18T07:37:31","slug":"bodegas-virgen-de-la-sierra","status":"publish","type":"project","link":"https:\/\/www.calatayudwine.com\/en\/wineries\/bodegas-virgen-de-la-sierra\/","title":{"rendered":"Bodegas Virgen de la Sierra"},"content":{"rendered":"<p>[et_pb_section fb_built=&#8221;1&#8243; _builder_version=&#8221;4.20.2&#8243; _module_preset=&#8221;default&#8221; min_height=&#8221;410px&#8221; height=&#8221;410px&#8221; custom_padding=&#8221;0px||0px||false|false&#8221; locked=&#8221;off&#8221; collapsed=&#8221;off&#8221; global_colors_info=&#8221;{}&#8221;][et_pb_row _builder_version=&#8221;4.20.2&#8243; _module_preset=&#8221;default&#8221; background_image=&#8221;https:\/\/www.calatayudwine.com\/wp-content\/uploads\/2023\/03\/DO-Calatayud-wine-bodegas-Virgen-de-la-Sierra-1.jpg&#8221; width=&#8221;100%&#8221; max_width=&#8221;100%&#8221; min_height=&#8221;410px&#8221; height=&#8221;410px&#8221; custom_padding=&#8221;0px||0px||false|false&#8221; global_colors_info=&#8221;{}&#8221;][et_pb_column type=&#8221;4_4&#8243; _builder_version=&#8221;4.20.2&#8243; _module_preset=&#8221;default&#8221; background_enable_image=&#8221;off&#8221; background_size=&#8221;initial&#8221; background_position=&#8221;top_center&#8221; custom_css_main_element=&#8221;height:410px;&#8221; global_colors_info=&#8221;{}&#8221;][et_pb_divider show_divider=&#8221;off&#8221; _builder_version=&#8221;4.20.2&#8243; _module_preset=&#8221;default&#8221; height=&#8221;130px&#8221; global_colors_info=&#8221;{}&#8221;][\/et_pb_divider][et_pb_text _builder_version=&#8221;4.20.2&#8243; _module_preset=&#8221;default&#8221; text_text_color=&#8221;#FFFFFF&#8221; text_orientation=&#8221;center&#8221; background_layout=&#8221;dark&#8221; custom_margin=&#8221;0px|0px|0px|0px|false|false&#8221; custom_padding=&#8221;|20%||20%|false|false&#8221; global_colors_info=&#8221;{}&#8221;]<\/p>\n<h1>Bodegas Virgen de la Sierra<\/h1>\n<p>[\/et_pb_text][et_pb_divider show_divider=&#8221;off&#8221; _builder_version=&#8221;4.20.2&#8243; _module_preset=&#8221;default&#8221; height=&#8221;10px&#8221; global_colors_info=&#8221;{}&#8221;][\/et_pb_divider][\/et_pb_column][\/et_pb_row][\/et_pb_section][et_pb_section fb_built=&#8221;1&#8243; module_id=&#8221;home_garnacha_autoctona&#8221; _builder_version=&#8221;4.20.2&#8243; _module_preset=&#8221;default&#8221; background_color=&#8221;#FFFFFF&#8221; custom_padding=&#8221;0px||0px||false|false&#8221; saved_tabs=&#8221;all&#8221; locked=&#8221;off&#8221; collapsed=&#8221;off&#8221; global_colors_info=&#8221;{}&#8221;][et_pb_row column_structure=&#8221;1_2,1_2&#8243; use_custom_gutter=&#8221;on&#8221; gutter_width=&#8221;1&#8243; make_equal=&#8221;on&#8221; _builder_version=&#8221;4.20.4&#8243; _module_preset=&#8221;default&#8221; width=&#8221;100%&#8221; max_width=&#8221;100%&#8221; custom_padding=&#8221;0px||0px||true|false&#8221; hover_enabled=&#8221;0&#8243; global_colors_info=&#8221;{}&#8221; sticky_enabled=&#8221;0&#8243;][et_pb_column type=&#8221;1_2&#8243; _builder_version=&#8221;4.20.4&#8243; _module_preset=&#8221;default&#8221; background_enable_image=&#8221;off&#8221; custom_padding=&#8221;3%|4%|3%|17%|false|false&#8221; custom_padding_tablet=&#8221;7%|7%|7%|7%|false|false&#8221; custom_padding_phone=&#8221;5%|5%|5%|5%|false|false&#8221; custom_padding_last_edited=&#8221;on|tablet&#8221; hover_enabled=&#8221;0&#8243; custom_css_main_element=&#8221;justify-content: center;&#8221; global_colors_info=&#8221;{}&#8221; sticky_enabled=&#8221;0&#8243;][et_pb_text _builder_version=&#8221;4.20.2&#8243; _module_preset=&#8221;default&#8221; text_text_color=&#8221;#000000&#8243; header_2_text_color=&#8221;#FFFFFF&#8221; custom_margin=&#8221;||20px||false|false&#8221; global_colors_info=&#8221;{}&#8221;]<\/p>\n<p>Bodega Cooperativa Virgen de la Sierra has the honor of being one of the first Cooperatives in Aragon. Founded in 1954, and through the efforts of many, a building was raised which would not only represent a desire to work and achieve, it would represent the entrepreneurial spirit to do something new, something different&#8230; <\/p>\n<p>This spirit is what we would like to transmit: growers with a desire to look forward, professionals who take note of the market and can give that touch of distinction to our wine.<\/p>\n<p>At the present moment in time, almost 70% of our production is destined for North America, Europe and Asia.<\/p>\n<p>[\/et_pb_text][\/et_pb_column][et_pb_column type=&#8221;1_2&#8243; _builder_version=&#8221;4.20.4&#8243; _module_preset=&#8221;default&#8221; background_color=&#8221;#f1f0f1&#8243; background_enable_image=&#8221;off&#8221; background_size=&#8221;initial&#8221; custom_padding=&#8221;3%|17%|3%|4%|false|false&#8221; custom_padding_tablet=&#8221;7%|7%|7%|7%|false|false&#8221; custom_padding_phone=&#8221;5%|5%|5%|5%|false|false&#8221; custom_padding_last_edited=&#8221;on|tablet&#8221; hover_enabled=&#8221;0&#8243; custom_css_main_element=&#8221;justify-content: center;&#8221; global_colors_info=&#8221;{}&#8221; sticky_enabled=&#8221;0&#8243;][et_pb_text _builder_version=&#8221;4.20.2&#8243; _module_preset=&#8221;default&#8221; text_text_color=&#8221;#000000&#8243; header_2_text_color=&#8221;#FFFFFF&#8221; header_5_font_size=&#8221;22px&#8221; custom_margin=&#8221;||20px||false|false&#8221; global_colors_info=&#8221;{}&#8221;]<\/p>\n<h5>Address<\/h5>\n<p>Avda. de la Cooperativa 21-23<br \/>50310 Villarroya de la Sierra (Zaragoza)<br \/>Tel. (+34) 976 899 015<\/p>\n<p><a href=\"http:\/\/www.bodegavirgendelasierra.com\" target=\"_blank\" rel=\"noopener\">www.bodegavirgendelasierra.com<\/a><\/p>\n<h5>Wines<\/h5>\n<p>Albada: Macabeo Vi\u00f1as Viejas, Garnacha Vi\u00f1as Viejas, Paraje La Ca\u00f1adilla, Paraje Llano Herrera, Parcela Gemelo y Parcela Santos.<br \/>Cruz de Piedra: Piedra Blanco Macabeo, Piedra Rosado Garnacha, Garnacha y Piedra Selecci\u00f3n Especial.<\/p>\n<p>[\/et_pb_text][\/et_pb_column][\/et_pb_row][\/et_pb_section][et_pb_section fb_built=&#8221;1&#8243; _builder_version=&#8221;4.20.2&#8243; _module_preset=&#8221;default&#8221; custom_padding=&#8221;0%|0%|0%|0%|true|false&#8221; locked=&#8221;off&#8221; collapsed=&#8221;off&#8221; global_colors_info=&#8221;{}&#8221;][et_pb_row column_structure=&#8221;1_6,1_6,1_6,1_2&#8243; use_custom_gutter=&#8221;on&#8221; gutter_width=&#8221;1&#8243; make_equal=&#8221;on&#8221; _builder_version=&#8221;4.20.2&#8243; _module_preset=&#8221;default&#8221; width=&#8221;100%&#8221; max_width=&#8221;100%&#8221; custom_padding=&#8221;0%|0%|0%|0%|true|true&#8221; global_colors_info=&#8221;{}&#8221;][et_pb_column type=&#8221;1_6&#8243; _builder_version=&#8221;4.20.2&#8243; _module_preset=&#8221;default&#8221; background_enable_image=&#8221;off&#8221; custom_padding=&#8221;0px||||false|false&#8221; custom_padding_tablet=&#8221;0%||||false|false&#8221; custom_padding_phone=&#8221;102%||||false|false&#8221; custom_padding_last_edited=&#8221;on|desktop&#8221; global_colors_info=&#8221;{}&#8221;][et_pb_image src=&#8221;https:\/\/www.calatayudwine.com\/wp-content\/uploads\/2023\/04\/DO-Calatayud-wine-bodegas-cooperativa-Nino-Jesus-logo-gallery-1.jpg&#8221; title_text=&#8221;DO-Calatayud-wine-bodegas-cooperativa-Nino-Jesus-logo-gallery&#8221; force_fullwidth=&#8221;on&#8221; _builder_version=&#8221;4.20.2&#8243; _module_preset=&#8221;default&#8221; background_color=&#8221;#f7f7f7&#8243; global_colors_info=&#8221;{}&#8221;][\/et_pb_image][\/et_pb_column][et_pb_column type=&#8221;1_6&#8243; _builder_version=&#8221;4.20.2&#8243; _module_preset=&#8221;default&#8221; background_enable_image=&#8221;off&#8221; custom_padding=&#8221;0px||||false|false&#8221; custom_padding_tablet=&#8221;0%||||false|false&#8221; custom_padding_phone=&#8221;102%||||false|false&#8221; custom_padding_last_edited=&#8221;on|desktop&#8221; global_colors_info=&#8221;{}&#8221; background__hover_enabled=&#8221;on|hover&#8221; background_image__hover=&#8221;&#8221; background_enable_image__hover=&#8221;off&#8221;][et_pb_image src=&#8221;https:\/\/www.calatayudwine.com\/wp-content\/uploads\/2023\/03\/DO-Calatayud-wine-bodegas-Virgen-de-la-Sierra-gallery-02.jpg&#8221; title_text=&#8221;DO-Calatayud-wine-bodegas-Virgen-de-la-Sierra-gallery-02&#8243; force_fullwidth=&#8221;on&#8221; _builder_version=&#8221;4.20.4&#8243; _module_preset=&#8221;default&#8221; global_colors_info=&#8221;{}&#8221;][\/et_pb_image][\/et_pb_column][et_pb_column type=&#8221;1_6&#8243; _builder_version=&#8221;4.20.2&#8243; _module_preset=&#8221;default&#8221; background_enable_image=&#8221;off&#8221; custom_padding=&#8221;0px||||false|false&#8221; custom_padding_tablet=&#8221;0%||||false|false&#8221; custom_padding_phone=&#8221;102%||||false|false&#8221; custom_padding_last_edited=&#8221;on|desktop&#8221; global_colors_info=&#8221;{}&#8221;][et_pb_image src=&#8221;https:\/\/www.calatayudwine.com\/wp-content\/uploads\/2023\/03\/DO-Calatayud-wine-bodegas-Virgen-de-la-Sierra-gallery-01.jpg&#8221; title_text=&#8221;DO-Calatayud-wine-bodegas-Virgen-de-la-Sierra-gallery-01&#8243; force_fullwidth=&#8221;on&#8221; _builder_version=&#8221;4.20.4&#8243; _module_preset=&#8221;default&#8221; global_colors_info=&#8221;{}&#8221;][\/et_pb_image][\/et_pb_column][et_pb_column type=&#8221;1_2&#8243; _builder_version=&#8221;4.20.2&#8243; _module_preset=&#8221;default&#8221; background_enable_image=&#8221;off&#8221; custom_padding=&#8221;0px||||false|false&#8221; custom_padding_tablet=&#8221;0%||||false|false&#8221; custom_padding_phone=&#8221;102%||||false|false&#8221; custom_padding_last_edited=&#8221;on|desktop&#8221; global_colors_info=&#8221;{}&#8221;][et_pb_image src=&#8221;https:\/\/www.calatayudwine.com\/wp-content\/uploads\/2023\/04\/DO-Calatayud-wine-bodegas-Virgen-de-la-Sierra-vino-Albada-macabeo-vinas-viejas.jpg&#8221; title_text=&#8221;DO-Calatayud-wine-bodegas-Virgen-de-la-Sierra-vino-Albada-macabeo-vinas-viejas-square&#8221; force_fullwidth=&#8221;on&#8221; src_tablet=&#8221;https:\/\/www.calatayudwine.com\/wp-content\/uploads\/2023\/04\/DO-Calatayud-wine-bodegas-Virgen-de-la-Sierra-vino-Albada-macabeo-vinas-viejas.jpg&#8221; src_phone=&#8221;https:\/\/www.calatayudwine.com\/wp-content\/uploads\/2023\/04\/DO-Calatayud-wine-bodegas-Virgen-de-la-Sierra-vino-Albada-macabeo-vinas-viejas-square.jpg&#8221; src_last_edited=&#8221;on|phone&#8221; _builder_version=&#8221;4.20.2&#8243; _module_preset=&#8221;default&#8221; global_colors_info=&#8221;{}&#8221;][\/et_pb_image][\/et_pb_column][\/et_pb_row][\/et_pb_section]<\/p>\n","protected":false},"excerpt":{"rendered":"<p>Bodegas Virgen de la SierraBodega Cooperativa Virgen de la Sierra has the honor of being one of the first Cooperatives in Aragon. Founded in 1954, and through the efforts of many, a building was raised which would not only represent a desire to work and achieve, it would represent the entrepreneurial spirit to do something [&hellip;]<\/p>\n","protected":false},"author":1,"featured_media":7505,"comment_status":"closed","ping_status":"closed","template":"","meta":{"_et_pb_use_builder":"on","_et_pb_old_content":"","_et_gb_content_width":""},"project_category":[],"project_tag":[],"_links":{"self":[{"href":"https:\/\/www.calatayudwine.com\/en\/wp-json\/wp\/v2\/project\/7503"}],"collection":[{"href":"https:\/\/www.calatayudwine.com\/en\/wp-json\/wp\/v2\/project"}],"about":[{"href":"https:\/\/www.calatayudwine.com\/en\/wp-json\/wp\/v2\/types\/project"}],"author":[{"embeddable":true,"href":"https:\/\/www.calatayudwine.com\/en\/wp-json\/wp\/v2\/users\/1"}],"replies":[{"embeddable":true,"href":"https:\/\/www.calatayudwine.com\/en\/wp-json\/wp\/v2\/comments?post=7503"}],"version-history":[{"count":5,"href":"https:\/\/www.calatayudwine.com\/en\/wp-json\/wp\/v2\/project\/7503\/revisions"}],"predecessor-version":[{"id":7513,"href":"https:\/\/www.calatayudwine.com\/en\/wp-json\/wp\/v2\/project\/7503\/revisions\/7513"}],"wp:featuredmedia":[{"embeddable":true,"href":"https:\/\/www.calatayudwine.com\/en\/wp-json\/wp\/v2\/media\/7505"}],"wp:attachment":[{"href":"https:\/\/www.calatayudwine.com\/en\/wp-json\/wp\/v2\/media?parent=7503"}],"wp:term":[{"taxonomy":"project_category","embeddable":true,"href":"https:\/\/www.calatayudwine.com\/en\/wp-json\/wp\/v2\/project_category?post=7503"},{"taxonomy":"project_tag","embeddable":true,"href":"https:\/\/www.calatayudwine.com\/en\/wp-json\/wp\/v2\/project_tag?post=7503"}],"curies":[{"name":"wp","href":"https:\/\/api.w.org\/{rel}","templated":true}]}}

<p>[et_pb_section fb_built=&#8221;1&#8243; _builder_version=&#8221;4.20.2&#8243; _module_preset=&#8221;default&#8221; min_height=&#8221;410px&#8221; height=&#8221;410px&#8221; custom_padding=&#8221;0px||0px||false|false&#8221; locked=&#8221;off&#8221; collapsed=&#8221;off&#8221; global_colors_info=&#8221;{}&#8221;][et_pb_row _builder_version=&#8221;4.20.2&#8243; _module_preset=&#8221;default&#8221; background_image=&#8221;https://www.calatayudwine.com/wp-content/uploads/2023/03/DO-Calatayud-wine-bodegas-Virgen-de-la-Sierra-1.jpg&#8221; width=&#8221;100%&#8221; max_width=&#8221;100%&#8221; min_height=&#8221;410px&#8221; height=&#8221;410px&#8221; custom_padding=&#8221;0px||0px||false|false&#8221; global_colors_info=&#8221;{}&#8221;][et_pb_column type=&#8221;4_4&#8243; _builder_version=&#8221;4.20.2&#8243; _module_preset=&#8221;default&#8221; background_enable_image=&#8221;off&#8221; background_size=&#8221;initial&#8221; background_position=&#8221;top_center&#8221; custom_css_main_element=&#8221;height:410px;&#8221; global_colors_info=&#8221;{}&#8221;][et_pb_divider show_divider=&#8221;off&#8221; _builder_version=&#8221;4.20.2&#8243; _module_preset=&#8221;default&#8221; height=&#8221;130px&#8221; global_colors_info=&#8221;{}&#8221;][/et_pb_divider][et_pb_text _builder_version=&#8221;4.20.2&#8243; _module_preset=&#8221;default&#8221; text_text_color=&#8221;#FFFFFF&#8221; text_orientation=&#8221;center&#8221; background_layout=&#8221;dark&#8221; custom_margin=&#8221;0px|0px|0px|0px|false|false&#8221; custom_padding=&#8221;|20%||20%|false|false&#8221; global_colors_info=&#8221;{}&#8221;]</p>
<h1>Bodegas Virgen de la Sierra</h1>
<p>[/et_pb_text][et_pb_divider show_divider=&#8221;off&#8221; _builder_version=&#8221;4.20.2&#8243; _module_preset=&#8221;default&#8221; height=&#8221;10px&#8221; global_colors_info=&#8221;{}&#8221;][/et_pb_divider][/et_pb_column][/et_pb_row][/et_pb_section][et_pb_section fb_built=&#8221;1&#8243; module_id=&#8221;home_garnacha_autoctona&#8221; _builder_version=&#8221;4.20.2&#8243; _module_preset=&#8221;default&#8221; background_color=&#8221;#FFFFFF&#8221; custom_padding=&#8221;0px||0px||false|false&#8221; saved_tabs=&#8221;all&#8221; locked=&#8221;off&#8221; collapsed=&#8221;off&#8221; global_colors_info=&#8221;{}&#8221;][et_pb_row column_structure=&#8221;1_2,1_2&#8243; use_custom_gutter=&#8221;on&#8221; gutter_width=&#8221;1&#8243; make_equal=&#8221;on&#8221; _builder_version=&#8221;4.20.4&#8243; _module_preset=&#8221;default&#8221; width=&#8221;100%&#8221; max_width=&#8221;100%&#8221; custom_padding=&#8221;0px||0px||true|false&#8221; hover_enabled=&#8221;0&#8243; global_colors_info=&#8221;{}&#8221; sticky_enabled=&#8221;0&#8243;][et_pb_column type=&#8221;1_2&#8243; _builder_version=&#8221;4.20.4&#8243; _module_preset=&#8221;default&#8221; background_enable_image=&#8221;off&#8221; custom_padding=&#8221;3%|4%|3%|17%|false|false&#8221; custom_padding_tablet=&#8221;7%|7%|7%|7%|false|false&#8221; custom_padding_phone=&#8221;5%|5%|5%|5%|false|false&#8221; custom_padding_last_edited=&#8221;on|tablet&#8221; hover_enabled=&#8221;0&#8243; custom_css_main_element=&#8221;justify-content: center;&#8221; global_colors_info=&#8221;{}&#8221; sticky_enabled=&#8221;0&#8243;][et_pb_text _builder_version=&#8221;4.20.2&#8243; _module_preset=&#8221;default&#8221; text_text_color=&#8221;#000000&#8243; header_2_text_color=&#8221;#FFFFFF&#8221; custom_margin=&#8221;||20px||false|false&#8221; global_colors_info=&#8221;{}&#8221;]</p>
<p>Bodega Cooperativa Virgen de la Sierra has the honor of being one of the first Cooperatives in Aragon. Founded in 1954, and through the efforts of many, a building was raised which would not only represent a desire to work and achieve, it would represent the entrepreneurial spirit to do something new, something different&#8230; </p>
<p>This spirit is what we would like to transmit: growers with a desire to look forward, professionals who take note of the market and can give that touch of distinction to our wine.</p>
<p>At the present moment in time, almost 70% of our production is destined for North America, Europe and Asia.</p>
<p>[/et_pb_text][/et_pb_column][et_pb_column type=&#8221;1_2&#8243; _builder_version=&#8221;4.20.4&#8243; _module_preset=&#8221;default&#8221; background_color=&#8221;#f1f0f1&#8243; background_enable_image=&#8221;off&#8221; background_size=&#8221;initial&#8221; custom_padding=&#8221;3%|17%|3%|4%|false|false&#8221; custom_padding_tablet=&#8221;7%|7%|7%|7%|false|false&#8221; custom_padding_phone=&#8221;5%|5%|5%|5%|false|false&#8221; custom_padding_last_edited=&#8221;on|tablet&#8221; hover_enabled=&#8221;0&#8243; custom_css_main_element=&#8221;justify-content: center;&#8221; global_colors_info=&#8221;{}&#8221; sticky_enabled=&#8221;0&#8243;][et_pb_text _builder_version=&#8221;4.20.2&#8243; _module_preset=&#8221;default&#8221; text_text_color=&#8221;#000000&#8243; header_2_text_color=&#8221;#FFFFFF&#8221; header_5_font_size=&#8221;22px&#8221; custom_margin=&#8221;||20px||false|false&#8221; global_colors_info=&#8221;{}&#8221;]</p>
<h5>Address</h5>
<p>Avda. de la Cooperativa 21-23<br />50310 Villarroya de la Sierra (Zaragoza)<br />Tel. (+34) 976 899 015</p>
<p><a href="http://www.bodegavirgendelasierra.com" target="_blank" rel="noopener">www.bodegavirgendelasierra.com</a></p>
<h5>Wines</h5>
<p>Albada: Macabeo Viñas Viejas, Garnacha Viñas Viejas, Paraje La Cañadilla, Paraje Llano Herrera, Parcela Gemelo y Parcela Santos.<br />Cruz de Piedra: Piedra Blanco Macabeo, Piedra Rosado Garnacha, Garnacha y Piedra Selección Especial.</p>
<p>[/et_pb_text][/et_pb_column][/et_pb_row][/et_pb_section][et_pb_section fb_built=&#8221;1&#8243; _builder_version=&#8221;4.20.2&#8243; _module_preset=&#8221;default&#8221; custom_padding=&#8221;0%|0%|0%|0%|true|false&#8221; locked=&#8221;off&#8221; collapsed=&#8221;off&#8221; global_colors_info=&#8221;{}&#8221;][et_pb_row column_structure=&#8221;1_6,1_6,1_6,1_2&#8243; use_custom_gutter=&#8221;on&#8221; gutter_width=&#8221;1&#8243; make_equal=&#8221;on&#8221; _builder_version=&#8221;4.20.2&#8243; _module_preset=&#8221;default&#8221; width=&#8221;100%&#8221; max_width=&#8221;100%&#8221; custom_padding=&#8221;0%|0%|0%|0%|true|true&#8221; global_colors_info=&#8221;{}&#8221;][et_pb_column type=&#8221;1_6&#8243; _builder_version=&#8221;4.20.2&#8243; _module_preset=&#8221;default&#8221; background_enable_image=&#8221;off&#8221; custom_padding=&#8221;0px||||false|false&#8221; custom_padding_tablet=&#8221;0%||||false|false&#8221; custom_padding_phone=&#8221;102%||||false|false&#8221; custom_padding_last_edited=&#8221;on|desktop&#8221; global_colors_info=&#8221;{}&#8221;][et_pb_image src=&#8221;https://www.calatayudwine.com/wp-content/uploads/2023/04/DO-Calatayud-wine-bodegas-cooperativa-Nino-Jesus-logo-gallery-1.jpg&#8221; title_text=&#8221;DO-Calatayud-wine-bodegas-cooperativa-Nino-Jesus-logo-gallery&#8221; force_fullwidth=&#8221;on&#8221; _builder_version=&#8221;4.20.2&#8243; _module_preset=&#8221;default&#8221; background_color=&#8221;#f7f7f7&#8243; global_colors_info=&#8221;{}&#8221;][/et_pb_image][/et_pb_column][et_pb_column type=&#8221;1_6&#8243; _builder_version=&#8221;4.20.2&#8243; _module_preset=&#8221;default&#8221; background_enable_image=&#8221;off&#8221; custom_padding=&#8221;0px||||false|false&#8221; custom_padding_tablet=&#8221;0%||||false|false&#8221; custom_padding_phone=&#8221;102%||||false|false&#8221; custom_padding_last_edited=&#8221;on|desktop&#8221; global_colors_info=&#8221;{}&#8221; background__hover_enabled=&#8221;on|hover&#8221; background_image__hover=&#8221;&#8221; background_enable_image__hover=&#8221;off&#8221;][et_pb_image src=&#8221;https://www.calatayudwine.com/wp-content/uploads/2023/03/DO-Calatayud-wine-bodegas-Virgen-de-la-Sierra-gallery-02.jpg&#8221; title_text=&#8221;DO-Calatayud-wine-bodegas-Virgen-de-la-Sierra-gallery-02&#8243; force_fullwidth=&#8221;on&#8221; _builder_version=&#8221;4.20.4&#8243; _module_preset=&#8221;default&#8221; global_colors_info=&#8221;{}&#8221;][/et_pb_image][/et_pb_column][et_pb_column type=&#8221;1_6&#8243; _builder_version=&#8221;4.20.2&#8243; _module_preset=&#8221;default&#8221; background_enable_image=&#8221;off&#8221; custom_padding=&#8221;0px||||false|false&#8221; custom_padding_tablet=&#8221;0%||||false|false&#8221; custom_padding_phone=&#8221;102%||||false|false&#8221; custom_padding_last_edited=&#8221;on|desktop&#8221; global_colors_info=&#8221;{}&#8221;][et_pb_image src=&#8221;https://www.calatayudwine.com/wp-content/uploads/2023/03/DO-Calatayud-wine-bodegas-Virgen-de-la-Sierra-gallery-01.jpg&#8221; title_text=&#8221;DO-Calatayud-wine-bodegas-Virgen-de-la-Sierra-gallery-01&#8243; force_fullwidth=&#8221;on&#8221; _builder_version=&#8221;4.20.4&#8243; _module_preset=&#8221;default&#8221; global_colors_info=&#8221;{}&#8221;][/et_pb_image][/et_pb_column][et_pb_column type=&#8221;1_2&#8243; _builder_version=&#8221;4.20.2&#8243; _module_preset=&#8221;default&#8221; background_enable_image=&#8221;off&#8221; custom_padding=&#8221;0px||||false|false&#8221; custom_padding_tablet=&#8221;0%||||false|false&#8221; custom_padding_phone=&#8221;102%||||false|false&#8221; custom_padding_last_edited=&#8221;on|desktop&#8221; global_colors_info=&#8221;{}&#8221;][et_pb_image src=&#8221;https://www.calatayudwine.com/wp-content/uploads/2023/04/DO-Calatayud-wine-bodegas-Virgen-de-la-Sierra-vino-Albada-macabeo-vinas-viejas.jpg&#8221; title_text=&#8221;DO-Calatayud-wine-bodegas-Virgen-de-la-Sierra-vino-Albada-macabeo-vinas-viejas-square&#8221; force_fullwidth=&#8221;on&#8221; src_tablet=&#8221;https://www.calatayudwine.com/wp-content/uploads/2023/04/DO-Calatayud-wine-bodegas-Virgen-de-la-Sierra-vino-Albada-macabeo-vinas-viejas.jpg&#8221; src_phone=&#8221;https://www.calatayudwine.com/wp-content/uploads/2023/04/DO-Calatayud-wine-bodegas-Virgen-de-la-Sierra-vino-Albada-macabeo-vinas-viejas-square.jpg&#8221; src_last_edited=&#8221;on|phone&#8221; _builder_version=&#8221;4.20.2&#8243; _module_preset=&#8221;default&#8221; global_colors_info=&#8221;{}&#8221;][/et_pb_image][/et_pb_column][/et_pb_row][/et_pb_section]</p>
